{"id":349,"date":"2020-03-11T16:49:06","date_gmt":"2020-03-11T15:49:06","guid":{"rendered":"http:\/\/ermitage.be\/?page_id=349"},"modified":"2025-02-13T21:45:32","modified_gmt":"2025-02-13T20:45:32","slug":"mesmerize","status":"publish","type":"page","link":"http:\/\/ermitage.be\/","title":{"rendered":"Front Page"},"content":{"rendered":"<div  id=\"portfolio-1\" data-label=\"Portfolio\" data-id=\"portfolio-5-mc\" data-export-id=\"portfolio-5-mc\" data-bullets-visibility=\"true\" data-category=\"portfolio\" class=\"portfolio-5-mc content-section content-section-spacing section-title-col-white-text bg-color1\"><div  class=\"gridContainer\"> <div  class=\"row text-center\"><div  class=\"section-title-col\" data-type=\"column\">   <\/div> <\/div> <div  class=\"row space-bottom spaced-cols center-sm\" data-type=\"row\"> <div  class=\"col-xs-12 col-sm-4 text-center\"> <div  class=\"card no-padding bordered\"> <div  data-hover-fx=\"portfolio-6\" class=\"contentswap-effect contentswap-overlay\" style=\"float: none; margin: 0; width: 100%;\"> <div  class=\"initial-image\" style=\"float: none; margin: 0;\"> <img  decoding=\"async\" data-size=\"500x333\" src=\"http:\/\/ermitage.be\/wp-content\/uploads\/2020\/03\/WhatsApp-Image-2020-02-24-at-21.28.07.jpeg\"><\/div> <div  class=\"overlay bg-color6\" style=\"display: block; transition: opacity 800ms ease 0s; -webkit-transition-timing-function: ease; -moz-transition-timing-function: ease; -o-transition-timing-function: ease; transition-timing-function: ease;\"><\/div> <div  class=\"swap-inner col-xs-12\" style=\"display: block; transition: all 800ms ease 0s; background-color: rgba(0,0,0,0); margin-top: 0;\"> <div  class=\"row full-height-row middle-xs middle-sm\"> <div  class=\"col-xs-12 text-center content-holder\"> <a  class=\"button small color2\" href=\"http:\/\/ermitage.be?page_id=354#http:\/\/ermitage.be\/?page_id=354\" target=\"_self\" data-cp-link=\"1\" rel=\"noopener noreferrer\">Photos Racketlon 2019 <\/a><\/div> <\/div><\/div> <\/div> <div  class=\"col-xs-12\"> <div  class=\"space-bottom space-top\" data-type=\"column\"> <h5  class=\"\">Racketlon 2019, 1er \u00e9dition<\/h5> <p  class=\"small italic\">Moulin et Ermitage m\u00e9langent leurs raquettes pour cette premi\u00e8re \u00e9dition du Racketlon de Jodoigne<\/p><\/div> <\/div><\/div> <\/div>  <\/div> <div  class=\"row\"><div  data-type=\"column\" class=\"col-xs-12 text-center\"> <\/div> <\/div><\/div> <\/div><div  id=\"cta-1\" style=\"background-color: #f5fafd;\" data-label=\"Cta\" data-id=\"cta-blue-section-mc\" data-export-id=\"cta-blue-section-mc\" data-category=\"cta\" class=\"cta-blue-section-mc content-section content-section-spacing le_cocktail white-text\"><div  class=\"gridContainer\"> <div  class=\"row middle-xs\"><div  class=\"col-sm-8 space-bottom-xs\" data-type=\"column\"> <h2  class=\"\">Rejoignez-nous, devenez membre du T.C. L\u2019Ermitage<\/h2> <\/div> <div  class=\"col-sm-4 end-sm\" data-type=\"column\"> <a  class=\"button color2\" href=\"http:\/\/ermitage.be?page_id=119#http:\/\/ermitage.be\/?page_id=119\" target=\"_self\" data-cp-link=\"1\" rel=\"noopener noreferrer\">Informations membres<\/a><\/div> <\/div><\/div> <\/div>","protected":false},"excerpt":{"rendered":"<p>Photos Racketlon 2019 Racketlon 2019, 1er \u00e9dition Moulin et Ermitage m\u00e9langent leurs raquettes pour cette premi\u00e8re \u00e9dition du Racketlon de Jodoigne Rejoignez-nous, devenez membre du T.C. L\u2019Ermitage Informations membres<\/p>\n","protected":false},"author":1,"featured_media":0,"parent":0,"menu_order":0,"comment_status":"closed","ping_status":"closed","template":"page-templates\/homepage.php","meta":{"om_disable_all_campaigns":false,"_monsterinsights_skip_tracking":false,"_monsterinsights_sitenote_active":false,"_monsterinsights_sitenote_note":"","_monsterinsights_sitenote_category":0,"_uf_show_specific_survey":0,"_uf_disable_surveys":false,"footnotes":""},"class_list":["post-349","page","type-page","status-publish","hentry"],"aioseo_notices":[],"_links":{"self":[{"href":"http:\/\/ermitage.be\/index.php?rest_route=\/wp\/v2\/pages\/349","targetHints":{"allow":["GET"]}}],"collection":[{"href":"http:\/\/ermitage.be\/index.php?rest_route=\/wp\/v2\/pages"}],"about":[{"href":"http:\/\/ermitage.be\/index.php?rest_route=\/wp\/v2\/types\/page"}],"author":[{"embeddable":true,"href":"http:\/\/ermitage.be\/index.php?rest_route=\/wp\/v2\/users\/1"}],"replies":[{"embeddable":true,"href":"http:\/\/ermitage.be\/index.php?rest_route=%2Fwp%2Fv2%2Fcomments&post=349"}],"version-history":[{"count":8,"href":"http:\/\/ermitage.be\/index.php?rest_route=\/wp\/v2\/pages\/349\/revisions"}],"predecessor-version":[{"id":426,"href":"http:\/\/ermitage.be\/index.php?rest_route=\/wp\/v2\/pages\/349\/revisions\/426"}],"wp:attachment":[{"href":"http:\/\/ermitage.be\/index.php?rest_route=%2Fwp%2Fv2%2Fmedia&parent=349"}],"curies":[{"name":"wp","href":"https:\/\/api.w.org\/{rel}","templated":true}]}}