{"id":50,"date":"2017-09-05T15:49:07","date_gmt":"2017-09-05T13:49:07","guid":{"rendered":"http:\/\/ermitage.be\/?page_id=50"},"modified":"2022-04-02T09:21:50","modified_gmt":"2022-04-02T07:21:50","slug":"a-propos","status":"publish","type":"page","link":"http:\/\/ermitage.be\/?page_id=50","title":{"rendered":"Le Comit\u00e9"},"content":{"rendered":"<p>Comme vous le savez sans doute, l\u2019Ermitage se relance et fait peau neuve. L\u2019ancien comit\u00e9 a d\u00e9cid\u00e9 de passer le flambeau \u00e0 une nouvelle g\u00e9n\u00e9ration. C\u2019est ainsi que s\u2019est constitu\u00e9 un nouveau comit\u00e9, compos\u00e9 de jeunes habitants de la r\u00e9gion, passionn\u00e9s de tennis et motiv\u00e9s par la volont\u00e9 de relancer un club sportif historique du centre de Jodoigne. Le nouveau comit\u00e9 a clairement comme objectif de recr\u00e9er au sein de l\u2019Ermitage une ambiance sympathique, accueillante et familiale.<\/p>\n<p>Pr\u00e9sentation du nouveau comit\u00e9\u00a0:<\/p>\n<p><img loading=\"lazy\" decoding=\"async\" class=\"alignnone wp-image-104 size-thumbnail\" src=\"http:\/\/ermitage.be\/wp-content\/uploads\/2017\/09\/1426649_453700414736354_189628616_n-150x150.jpg\" alt=\"\" width=\"150\" height=\"150\" \/>\u00a0Cyril Herbay (Pr\u00e9sident)<\/p>\n<p><img loading=\"lazy\" decoding=\"async\" class=\"alignnone wp-image-253\" src=\"http:\/\/ermitage.be\/wp-content\/uploads\/2019\/10\/66795821_2511963732149586_8381821079793958912_o-300x300.jpg\" alt=\"\" width=\"156\" height=\"156\" srcset=\"http:\/\/ermitage.be\/wp-content\/uploads\/2019\/10\/66795821_2511963732149586_8381821079793958912_o-300x300.jpg 300w, http:\/\/ermitage.be\/wp-content\/uploads\/2019\/10\/66795821_2511963732149586_8381821079793958912_o-150x150.jpg 150w, http:\/\/ermitage.be\/wp-content\/uploads\/2019\/10\/66795821_2511963732149586_8381821079793958912_o-768x766.jpg 768w, http:\/\/ermitage.be\/wp-content\/uploads\/2019\/10\/66795821_2511963732149586_8381821079793958912_o-1024x1021.jpg 1024w, http:\/\/ermitage.be\/wp-content\/uploads\/2019\/10\/66795821_2511963732149586_8381821079793958912_o.jpg 1440w\" sizes=\"auto, (max-width: 156px) 100vw, 156px\" \/> Thierry Ollinger (Secr\u00e9taire)<\/p>\n<p><img loading=\"lazy\" decoding=\"async\" class=\"alignnone wp-image-101 size-thumbnail\" src=\"http:\/\/ermitage.be\/wp-content\/uploads\/2017\/09\/20525205_1469982906380830_5155500684492911212_n-1-150x150.jpg\" alt=\"\" width=\"150\" height=\"150\" \/>\u00a0Bastien Struyven (Tr\u00e9sorier et directeur de l\u2019\u00e9cole de Tennis)<\/p>\n<p><img loading=\"lazy\" decoding=\"async\" class=\"alignnone wp-image-108 size-thumbnail\" src=\"http:\/\/ermitage.be\/wp-content\/uploads\/2017\/09\/11919108_10153310691554635_8390196422717079042_o-150x150.jpg\" alt=\"\" width=\"150\" height=\"150\" \/>\u00a0Patrick Wolters (Gestionnaire du bar et des infrastructures)<\/p>\n<p><img loading=\"lazy\" decoding=\"async\" class=\"alignnone wp-image-230\" src=\"http:\/\/ermitage.be\/wp-content\/uploads\/2019\/03\/30725296_919384534902833_235885333382692864_o-236x300.jpg\" alt=\"\" width=\"149\" height=\"189\" srcset=\"http:\/\/ermitage.be\/wp-content\/uploads\/2019\/03\/30725296_919384534902833_235885333382692864_o-236x300.jpg 236w, http:\/\/ermitage.be\/wp-content\/uploads\/2019\/03\/30725296_919384534902833_235885333382692864_o.jpg 249w\" sizes=\"auto, (max-width: 149px) 100vw, 149px\" \/>Mathieu Neyrinck (Gestionnaire infrastructures ext\u00e9rieures)<\/p>\n<p><img loading=\"lazy\" decoding=\"async\" class=\"alignnone wp-image-231\" src=\"http:\/\/ermitage.be\/wp-content\/uploads\/2019\/03\/11794399_10153535870854743_8703146445241931276_o-213x300.jpg\" alt=\"\" width=\"152\" height=\"214\" srcset=\"http:\/\/ermitage.be\/wp-content\/uploads\/2019\/03\/11794399_10153535870854743_8703146445241931276_o-213x300.jpg 213w, http:\/\/ermitage.be\/wp-content\/uploads\/2019\/03\/11794399_10153535870854743_8703146445241931276_o.jpg 562w\" sizes=\"auto, (max-width: 152px) 100vw, 152px\" \/>Corentin Penninckx (Responsable communication)<\/p>\n<p><img loading=\"lazy\" decoding=\"async\" class=\"alignnone wp-image-105 \" src=\"http:\/\/ermitage.be\/wp-content\/uploads\/2017\/09\/20621090_10213682291276128_8304956972037275422_n-1.jpg\" alt=\"\" width=\"160\" height=\"119\" \/>Bryan Willems<\/p>\n","protected":false},"excerpt":{"rendered":"<p>Comme vous le savez sans doute, l\u2019Ermitage se relance et fait peau neuve. L\u2019ancien comit\u00e9 a d\u00e9cid\u00e9 de passer le flambeau \u00e0 une nouvelle g\u00e9n\u00e9ration. C\u2019est ainsi que s\u2019est constitu\u00e9 un nouveau comit\u00e9, compos\u00e9 de jeunes habitants de la r\u00e9gion, passionn\u00e9s de tennis et motiv\u00e9s par la volont\u00e9 de relancer un club sportif historique du\u2026<\/p>\n","protected":false},"author":1,"featured_media":0,"parent":0,"menu_order":0,"comment_status":"closed","ping_status":"closed","template":"","meta":{"om_disable_all_campaigns":false,"_monsterinsights_skip_tracking":false,"_monsterinsights_sitenote_active":false,"_monsterinsights_sitenote_note":"","_monsterinsights_sitenote_category":0,"_uf_show_specific_survey":0,"_uf_disable_surveys":false,"footnotes":""},"class_list":["post-50","page","type-page","status-publish","hentry"],"aioseo_notices":[],"_links":{"self":[{"href":"http:\/\/ermitage.be\/index.php?rest_route=\/wp\/v2\/pages\/50","targetHints":{"allow":["GET"]}}],"collection":[{"href":"http:\/\/ermitage.be\/index.php?rest_route=\/wp\/v2\/pages"}],"about":[{"href":"http:\/\/ermitage.be\/index.php?rest_route=\/wp\/v2\/types\/page"}],"author":[{"embeddable":true,"href":"http:\/\/ermitage.be\/index.php?rest_route=\/wp\/v2\/users\/1"}],"replies":[{"embeddable":true,"href":"http:\/\/ermitage.be\/index.php?rest_route=%2Fwp%2Fv2%2Fcomments&post=50"}],"version-history":[{"count":18,"href":"http:\/\/ermitage.be\/index.php?rest_route=\/wp\/v2\/pages\/50\/revisions"}],"predecessor-version":[{"id":408,"href":"http:\/\/ermitage.be\/index.php?rest_route=\/wp\/v2\/pages\/50\/revisions\/408"}],"wp:attachment":[{"href":"http:\/\/ermitage.be\/index.php?rest_route=%2Fwp%2Fv2%2Fmedia&parent=50"}],"curies":[{"name":"wp","href":"https:\/\/api.w.org\/{rel}","templated":true}]}}

Le Comité

<p>Comme vous le savez sans doute, l’Ermitage se relance et fait peau neuve. L’ancien comité a décidé de passer le flambeau à une nouvelle génération. C’est ainsi que s’est constitué un nouveau comité, composé de jeunes habitants de la région, passionnés de tennis et motivés par la volonté de relancer un club sportif historique du centre de Jodoigne. Le nouveau comité a clairement comme objectif de recréer au sein de l’Ermitage une ambiance sympathique, accueillante et familiale.</p>
<p>Présentation du nouveau comité :</p>
<p><img loading="lazy" decoding="async" class="alignnone wp-image-104 size-thumbnail" src="http://ermitage.be/wp-content/uploads/2017/09/1426649_453700414736354_189628616_n-150x150.jpg" alt="" width="150" height="150" /> Cyril Herbay (Président)</p>
<p><img loading="lazy" decoding="async" class="alignnone wp-image-253" src="http://ermitage.be/wp-content/uploads/2019/10/66795821_2511963732149586_8381821079793958912_o-300x300.jpg" alt="" width="156" height="156" srcset="http://ermitage.be/wp-content/uploads/2019/10/66795821_2511963732149586_8381821079793958912_o-300x300.jpg 300w, http://ermitage.be/wp-content/uploads/2019/10/66795821_2511963732149586_8381821079793958912_o-150x150.jpg 150w, http://ermitage.be/wp-content/uploads/2019/10/66795821_2511963732149586_8381821079793958912_o-768x766.jpg 768w, http://ermitage.be/wp-content/uploads/2019/10/66795821_2511963732149586_8381821079793958912_o-1024x1021.jpg 1024w, http://ermitage.be/wp-content/uploads/2019/10/66795821_2511963732149586_8381821079793958912_o.jpg 1440w" sizes="auto, (max-width: 156px) 100vw, 156px" /> Thierry Ollinger (Secrétaire)</p>
<p><img loading="lazy" decoding="async" class="alignnone wp-image-101 size-thumbnail" src="http://ermitage.be/wp-content/uploads/2017/09/20525205_1469982906380830_5155500684492911212_n-1-150x150.jpg" alt="" width="150" height="150" /> Bastien Struyven (Trésorier et directeur de l’école de Tennis)</p>
<p><img loading="lazy" decoding="async" class="alignnone wp-image-108 size-thumbnail" src="http://ermitage.be/wp-content/uploads/2017/09/11919108_10153310691554635_8390196422717079042_o-150x150.jpg" alt="" width="150" height="150" /> Patrick Wolters (Gestionnaire du bar et des infrastructures)</p>
<p><img loading="lazy" decoding="async" class="alignnone wp-image-230" src="http://ermitage.be/wp-content/uploads/2019/03/30725296_919384534902833_235885333382692864_o-236x300.jpg" alt="" width="149" height="189" srcset="http://ermitage.be/wp-content/uploads/2019/03/30725296_919384534902833_235885333382692864_o-236x300.jpg 236w, http://ermitage.be/wp-content/uploads/2019/03/30725296_919384534902833_235885333382692864_o.jpg 249w" sizes="auto, (max-width: 149px) 100vw, 149px" />Mathieu Neyrinck (Gestionnaire infrastructures extérieures)</p>
<p><img loading="lazy" decoding="async" class="alignnone wp-image-231" src="http://ermitage.be/wp-content/uploads/2019/03/11794399_10153535870854743_8703146445241931276_o-213x300.jpg" alt="" width="152" height="214" srcset="http://ermitage.be/wp-content/uploads/2019/03/11794399_10153535870854743_8703146445241931276_o-213x300.jpg 213w, http://ermitage.be/wp-content/uploads/2019/03/11794399_10153535870854743_8703146445241931276_o.jpg 562w" sizes="auto, (max-width: 152px) 100vw, 152px" />Corentin Penninckx (Responsable communication)</p>
<p><img loading="lazy" decoding="async" class="alignnone wp-image-105 " src="http://ermitage.be/wp-content/uploads/2017/09/20621090_10213682291276128_8304956972037275422_n-1.jpg" alt="" width="160" height="119" />Bryan Willems</p>

<p>Comme vous le savez sans doute, l’Ermitage se relance et fait peau neuve. L’ancien comité a décidé de passer le flambeau à une nouvelle génération. C’est ainsi que s’est constitué un nouveau comité, composé de jeunes habitants de la région, passionnés de tennis et motivés par la volonté de relancer un club sportif historique du…</p>
